{"id":109,"date":"2026-04-29T11:35:01","date_gmt":"2026-04-29T09:35:01","guid":{"rendered":"https:\/\/centralsolarchibuto.co.mz\/?page_id=109"},"modified":"2026-04-30T00:53:53","modified_gmt":"2026-04-29T22:53:53","slug":"integracao-comunitaria-e-impacto-socioeconomico","status":"publish","type":"page","link":"https:\/\/centralsolarchibuto.co.mz\/en\/sobre-a-csc\/integracao-comunitaria-e-impacto-socioeconomico\/","title":{"rendered":"Integra\u00e7\u00e3o Comunit\u00e1ria e Impacto Socioecon\u00f3mico"},"content":{"rendered":"<section class=\"bde-section-109-100 bde-section\">\n              \n  \n  \n\t\n\n  <div class=\"section-background-overlay\"><\/div>\n\n\n<div class=\"section-container\"><h2 class=\"bde-heading-109-101 bde-heading\">\nIntegra\u00e7\u00e3o Comunit\u00e1ria e Impacto Socioecon\u00f3mico\n<\/h2><div class=\"bde-breadcrumbs-109-102 bde-breadcrumbs\"><nav aria-label=\"breadcrumbs\" class=\"rank-math-breadcrumb\"><p><span class=\"last\">CSC<\/span><\/p><\/nav><\/div><\/div>\n<\/section>","protected":false},"excerpt":{"rendered":"<p>Integra\u00e7\u00e3o Comunit\u00e1ria e Impacto Socioecon\u00f3mico CSC<\/p>","protected":false},"author":1,"featured_media":0,"parent":100,"menu_order":0,"comment_status":"closed","ping_status":"closed","template":"","meta":{"inline_featured_image":false,"_breakdance_hide_in_design_set":false,"_breakdance_tags":"","footnotes":""},"class_list":["post-109","page","type-page","status-publish","hentry"],"_links":{"self":[{"href":"https:\/\/centralsolarchibuto.co.mz\/en\/wp-json\/wp\/v2\/pages\/109","targetHints":{"allow":["GET"]}}],"collection":[{"href":"https:\/\/centralsolarchibuto.co.mz\/en\/wp-json\/wp\/v2\/pages"}],"about":[{"href":"https:\/\/centralsolarchibuto.co.mz\/en\/wp-json\/wp\/v2\/types\/page"}],"author":[{"embeddable":true,"href":"https:\/\/centralsolarchibuto.co.mz\/en\/wp-json\/wp\/v2\/users\/1"}],"replies":[{"embeddable":true,"href":"https:\/\/centralsolarchibuto.co.mz\/en\/wp-json\/wp\/v2\/comments?post=109"}],"version-history":[{"count":3,"href":"https:\/\/centralsolarchibuto.co.mz\/en\/wp-json\/wp\/v2\/pages\/109\/revisions"}],"predecessor-version":[{"id":180,"href":"https:\/\/centralsolarchibuto.co.mz\/en\/wp-json\/wp\/v2\/pages\/109\/revisions\/180"}],"up":[{"embeddable":true,"href":"https:\/\/centralsolarchibuto.co.mz\/en\/wp-json\/wp\/v2\/pages\/100"}],"wp:attachment":[{"href":"https:\/\/centralsolarchibuto.co.mz\/en\/wp-json\/wp\/v2\/media?parent=109"}],"curies":[{"name":"wp","href":"https:\/\/api.w.org\/{rel}","templated":true}]}}

Integração Comunitária e Impacto Socioeconómico

<section class="bde-section-109-100 bde-section">
              
  
  
	

  <div class="section-background-overlay"></div>


<div class="section-container"><h2 class="bde-heading-109-101 bde-heading">
Integração Comunitária e Impacto Socioeconómico
</h2><div class="bde-breadcrumbs-109-102 bde-breadcrumbs"><nav aria-label="breadcrumbs" class="rank-math-breadcrumb"><p><span class="last">CSC</span></p></nav></div></div>
</section>

<p>Integração Comunitária e Impacto Socioeconómico CSC</p>
